{"id":300,"date":"2023-03-27T15:18:02","date_gmt":"2023-03-27T15:18:02","guid":{"rendered":"https:\/\/adoring-tesla.88-198-121-67.plesk.page\/?page_id=300"},"modified":"2025-07-06T15:43:07","modified_gmt":"2025-07-06T15:43:07","slug":"foerderverein","status":"publish","type":"page","link":"https:\/\/gstunsel.de\/?page_id=300","title":{"rendered":"F\u00f6rderverein"},"content":{"rendered":"\t\t<div data-elementor-type=\"wp-page\" data-elementor-id=\"300\" class=\"elementor elementor-300\">\n\t\t\t\t\t\t<section class=\"elementor-section elementor-top-section elementor-element elementor-element-d656932 elementor-section-boxed elementor-section-height-default elementor-section-height-default\" data-id=\"d656932\" data-element_type=\"section\">\n\t\t\t\t\t\t<div class=\"elementor-container elementor-column-gap-default\">\n\t\t\t\t\t<div class=\"elementor-column elementor-col-100 elementor-top-column elementor-element elementor-element-6bfe670\" data-id=\"6bfe670\" data-element_type=\"column\">\n\t\t\t<div class=\"elementor-widget-wrap elementor-element-populated\">\n\t\t\t\t\t\t<section class=\"elementor-section elementor-inner-section elementor-element elementor-element-90bc8d7 elementor-section-boxed elementor-section-height-default elementor-section-height-default\" data-id=\"90bc8d7\" data-element_type=\"section\">\n\t\t\t\t\t\t<div class=\"elementor-container elementor-column-gap-default\">\n\t\t\t\t\t<div class=\"elementor-column elementor-col-50 elementor-inner-column elementor-element elementor-element-0c4369b\" data-id=\"0c4369b\" data-element_type=\"column\">\n\t\t\t<div class=\"elementor-widget-wrap elementor-element-populated\">\n\t\t\t\t\t\t<div class=\"elementor-element elementor-element-788fec5 elementor-widget elementor-widget-image\" data-id=\"788fec5\" data-element_type=\"widget\" data-widget_type=\"image.default\">\n\t\t\t\t<div class=\"elementor-widget-container\">\n\t\t\t\t\t\t\t\t\t\t\t\t<figure class=\"wp-caption\">\n\t\t\t\t\t\t\t\t\t\t\t<a href=\"https:\/\/www.foerderverein-tunselino.de\/\" target=\"_blank\">\n\t\t\t\t\t\t\t<img fetchpriority=\"high\" decoding=\"async\" width=\"282\" height=\"179\" src=\"https:\/\/gstunsel.de\/wp-content\/uploads\/2024\/02\/tunselino-1.png\" class=\"attachment-large size-large wp-image-667\" alt=\"\" \/>\t\t\t\t\t\t\t\t<\/a>\n\t\t\t\t\t\t\t\t\t\t\t<figcaption class=\"widget-image-caption wp-caption-text\"><\/figcaption>\n\t\t\t\t\t\t\t\t\t\t<\/figure>\n\t\t\t\t\t\t\t\t\t<\/div>\n\t\t\t\t<\/div>\n\t\t\t\t\t<\/div>\n\t\t<\/div>\n\t\t\t\t<div class=\"elementor-column elementor-col-50 elementor-inner-column elementor-element elementor-element-2a20293\" data-id=\"2a20293\" data-element_type=\"column\">\n\t\t\t<div class=\"elementor-widget-wrap elementor-element-populated\">\n\t\t\t\t\t\t<div class=\"elementor-element elementor-element-65a0818 elementor-widget elementor-widget-heading\" data-id=\"65a0818\" data-element_type=\"widget\" data-widget_type=\"heading.default\">\n\t\t\t\t<div class=\"elementor-widget-container\">\n\t\t\t\t\t<h2 class=\"elementor-heading-title elementor-size-default\">F\u00f6rderverein<\/h2>\t\t\t\t<\/div>\n\t\t\t\t<\/div>\n\t\t\t\t\t<\/div>\n\t\t<\/div>\n\t\t\t\t\t<\/div>\n\t\t<\/section>\n\t\t\t\t<div class=\"elementor-element elementor-element-fd5e4d6 elementor-widget elementor-widget-text-editor\" data-id=\"fd5e4d6\" data-element_type=\"widget\" data-widget_type=\"text-editor.default\">\n\t\t\t\t<div class=\"elementor-widget-container\">\n\t\t\t\t\t\t\t\t\t<p>Seit \u00fcber 20 Jahren unterst\u00fctzt der F\u00f6rderverein Tunselino die Kinder und die Arbeit an Kindergarten und Grundschule in Tunsel. In den letzten Jahren hat der F\u00f6rderverein die Grundschule bei zahlreichen Anschaffungen wie z.B. das Kletterger\u00fcst auf dem Pausenhof oder auch bei schulischen Projekten und AGs finanziell unterst\u00fctzt.<br \/>Besonders bekannt sind die Kinderkleiderm\u00e4rkte, deren Erl\u00f6se in solche Projekte flie\u00dfen.<\/p><p>Wir freuen uns \u00fcber jede Form der Unterst\u00fctzung: werden Sie Mitglied, packen Sie bei unseren Veranstaltungen mit an oder machen Sie eine Spende &#8211; jede Hilfe kommt bei den Tunsler Kindern an.\u00a0<\/p><p>Kontakt und mehr Informationen unter:<\/p><p><a href=\"https:\/\/www.foerderverein-tunselino.de\/\">https:\/\/www.foerderverein-tunselino.de<\/a><\/p><p><a href=\"https:\/\/cdn.website-editor.net\/s\/c1d6eda59fae4a3eb932eb1c3e56cfce\/files\/uploaded\/Mitgliedsantrag_Foerderverein_04_2025.pdf?Expires=1752765119&amp;Signature=gnfKex9Q58FrQm7F9o95668PPmzHCZJHVQxt4~RWmWmoWNAdH3tfz3kCbTqPPCNdACNQ5JeWvhA-6PSRQ0SggEG~xq7Tl5XGoj0riAwqwpEZU0SrAFrpIVBWw9j0ZkB782p3JP0WwPqytYqd~ZVY5GlyT5XLap2y8GN7Kvllf9K~mRriQ9FGNGZLrq7DLv~e92Lk9JQw3oWVE6ttarpm1BAgADUmKtAEod8z6xZVgRxU3ntivV31~PCHbqMr2Q7AfX2LkZ3UIyi3IZT2OdCKs7XTK07woSJVp8GGsNdigfIeUK6KL7wsvf5pfykfMcDaQFDG2tmONbzCEfU9VY1EtA__&amp;Key-Pair-Id=K2NXBXLF010TJW\">Mitgliedsantrag<\/a><\/p>\t\t\t\t\t\t\t\t<\/div>\n\t\t\t\t<\/div>\n\t\t\t\t\t<\/div>\n\t\t<\/div>\n\t\t\t\t\t<\/div>\n\t\t<\/section>\n\t\t\t\t<\/div>\n\t\t","protected":false},"excerpt":{"rendered":"<p>F\u00f6rderverein Seit \u00fcber 20 Jahren unterst\u00fctzt der F\u00f6rderverein Tunselino die Kinder und die Arbeit an Kindergarten und Grundschule in Tunsel. In den letzten Jahren hat der F\u00f6rderverein die Grundschule bei [&hellip;]<\/p>\n","protected":false},"author":1,"featured_media":0,"parent":0,"menu_order":0,"comment_status":"closed","ping_status":"closed","template":"","meta":{"site-sidebar-layout":"no-sidebar","site-content-layout":"page-builder","ast-site-content-layout":"default","site-content-style":"default","site-sidebar-style":"default","ast-global-header-display":"","ast-banner-title-visibility":"","ast-main-header-display":"","ast-hfb-above-header-display":"","ast-hfb-below-header-display":"","ast-hfb-mobile-header-display":"","site-post-title":"disabled","ast-breadcrumbs-content":"","ast-featured-img":"disabled","footer-sml-layout":"","theme-transparent-header-meta":"","adv-header-id-meta":"","stick-header-meta":"","header-above-stick-meta":"","header-main-stick-meta":"","header-below-stick-meta":"","astra-migrate-meta-layouts":"default","ast-page-background-enabled":"default","ast-page-background-meta":{"desktop":{"background-color":"var(--ast-global-color-4)","background-image":"","background-repeat":"repeat","background-position":"center center","background-size":"auto","background-attachment":"scroll","background-type":"","background-media":"","overlay-type":"","overlay-color":"","overlay-opacity":"","overlay-gradient":""},"tablet":{"background-color":"","background-image":"","background-repeat":"repeat","background-position":"center center","background-size":"auto","background-attachment":"scroll","background-type":"","background-media":"","overlay-type":"","overlay-color":"","overlay-opacity":"","overlay-gradient":""},"mobile":{"background-color":"","background-image":"","background-repeat":"repeat","background-position":"center center","background-size":"auto","background-attachment":"scroll","background-type":"","background-media":"","overlay-type":"","overlay-color":"","overlay-opacity":"","overlay-gradient":""}},"ast-content-background-meta":{"desktop":{"background-color":"var(--ast-global-color-5)","background-image":"","background-repeat":"repeat","background-position":"center center","background-size":"auto","background-attachment":"scroll","background-type":"","background-media":"","overlay-type":"","overlay-color":"","overlay-opacity":"","overlay-gradient":""},"tablet":{"background-color":"var(--ast-global-color-5)","background-image":"","background-repeat":"repeat","background-position":"center center","background-size":"auto","background-attachment":"scroll","background-type":"","background-media":"","overlay-type":"","overlay-color":"","overlay-opacity":"","overlay-gradient":""},"mobile":{"background-color":"var(--ast-global-color-5)","background-image":"","background-repeat":"repeat","background-position":"center center","background-size":"auto","background-attachment":"scroll","background-type":"","background-media":"","overlay-type":"","overlay-color":"","overlay-opacity":"","overlay-gradient":""}},"footnotes":""},"class_list":["post-300","page","type-page","status-publish","hentry"],"_links":{"self":[{"href":"https:\/\/gstunsel.de\/index.php?rest_route=\/wp\/v2\/pages\/300","targetHints":{"allow":["GET"]}}],"collection":[{"href":"https:\/\/gstunsel.de\/index.php?rest_route=\/wp\/v2\/pages"}],"about":[{"href":"https:\/\/gstunsel.de\/index.php?rest_route=\/wp\/v2\/types\/page"}],"author":[{"embeddable":true,"href":"https:\/\/gstunsel.de\/index.php?rest_route=\/wp\/v2\/users\/1"}],"replies":[{"embeddable":true,"href":"https:\/\/gstunsel.de\/index.php?rest_route=%2Fwp%2Fv2%2Fcomments&post=300"}],"version-history":[{"count":28,"href":"https:\/\/gstunsel.de\/index.php?rest_route=\/wp\/v2\/pages\/300\/revisions"}],"predecessor-version":[{"id":1527,"href":"https:\/\/gstunsel.de\/index.php?rest_route=\/wp\/v2\/pages\/300\/revisions\/1527"}],"wp:attachment":[{"href":"https:\/\/gstunsel.de\/index.php?rest_route=%2Fwp%2Fv2%2Fmedia&parent=300"}],"curies":[{"name":"wp","href":"https:\/\/api.w.org\/{rel}","templated":true}]}}