{"id":286,"date":"2023-03-27T15:07:07","date_gmt":"2023-03-27T15:07:07","guid":{"rendered":"https:\/\/adoring-tesla.88-198-121-67.plesk.page\/?page_id=286"},"modified":"2025-06-24T20:40:46","modified_gmt":"2025-06-24T20:40:46","slug":"beratungsangebote","status":"publish","type":"page","link":"https:\/\/gstunsel.de\/?page_id=286","title":{"rendered":"Beratungslehrerin"},"content":{"rendered":"\t\t<div data-elementor-type=\"wp-page\" data-elementor-id=\"286\" class=\"elementor elementor-286\">\n\t\t\t\t\t\t<section class=\"elementor-section elementor-top-section elementor-element elementor-element-5af4256 elementor-section-boxed elementor-section-height-default elementor-section-height-default\" data-id=\"5af4256\" data-element_type=\"section\">\n\t\t\t\t\t\t<div class=\"elementor-container elementor-column-gap-default\">\n\t\t\t\t\t<div class=\"elementor-column elementor-col-100 elementor-top-column elementor-element elementor-element-eb1c5d5\" data-id=\"eb1c5d5\" data-element_type=\"column\">\n\t\t\t<div class=\"elementor-widget-wrap elementor-element-populated\">\n\t\t\t\t\t\t<div class=\"elementor-element elementor-element-017938a elementor-widget elementor-widget-text-editor\" data-id=\"017938a\" data-element_type=\"widget\" data-widget_type=\"text-editor.default\">\n\t\t\t\t<div class=\"elementor-widget-container\">\n\t\t\t\t\t\t\t\t\t<p>\u00a0<\/p><h2>Beratungslehrerin<\/h2>\t\t\t\t\t\t\t\t<\/div>\n\t\t\t\t<\/div>\n\t\t\t\t\t<\/div>\n\t\t<\/div>\n\t\t\t\t\t<\/div>\n\t\t<\/section>\n\t\t\t\t<section class=\"elementor-section elementor-top-section elementor-element elementor-element-849f2ca elementor-section-boxed elementor-section-height-default elementor-section-height-default\" data-id=\"849f2ca\" data-element_type=\"section\">\n\t\t\t\t\t\t<div class=\"elementor-container elementor-column-gap-default\">\n\t\t\t\t\t<div class=\"elementor-column elementor-col-100 elementor-top-column elementor-element elementor-element-84de42e\" data-id=\"84de42e\" data-element_type=\"column\">\n\t\t\t<div class=\"elementor-widget-wrap elementor-element-populated\">\n\t\t\t\t\t\t<div class=\"elementor-element elementor-element-ae86b0c elementor-widget elementor-widget-text-editor\" data-id=\"ae86b0c\" data-element_type=\"widget\" data-widget_type=\"text-editor.default\">\n\t\t\t\t<div class=\"elementor-widget-container\">\n\t\t\t\t\t\t\t\t\t<p><strong>Wann kann man sich an die Beratungslehrerin wenden?<\/strong><\/p><ul><li>Schulleistungsschwierigkeiten<\/li><li>Schulangst<\/li><li>Fragen zur Schullaufbahn (Einschulung, Wiederholung oder \u00dcberspringen einer Klasse)<\/li><li>problematisches Sozialverhalten<\/li><li>belastende famili\u00e4re Situation<\/li><li>Unterst\u00fctzung bei der Suche nach therapeutischen Angeboten<\/li><\/ul>\t\t\t\t\t\t\t\t<\/div>\n\t\t\t\t<\/div>\n\t\t\t\t\t<\/div>\n\t\t<\/div>\n\t\t\t\t\t<\/div>\n\t\t<\/section>\n\t\t\t\t<section class=\"elementor-section elementor-top-section elementor-element elementor-element-1b113c0 elementor-section-boxed elementor-section-height-default elementor-section-height-default\" data-id=\"1b113c0\" data-element_type=\"section\">\n\t\t\t\t\t\t<div class=\"elementor-container elementor-column-gap-default\">\n\t\t\t\t\t<div class=\"elementor-column elementor-col-50 elementor-top-column elementor-element elementor-element-e8c6024\" data-id=\"e8c6024\" data-element_type=\"column\">\n\t\t\t<div class=\"elementor-widget-wrap elementor-element-populated\">\n\t\t\t\t\t\t<div class=\"elementor-element elementor-element-e53a46f elementor-widget elementor-widget-text-editor\" data-id=\"e53a46f\" data-element_type=\"widget\" data-widget_type=\"text-editor.default\">\n\t\t\t\t<div class=\"elementor-widget-container\">\n\t\t\t\t\t\t\t\t\t<p><strong>Kontakt:<\/strong><\/p><p>Andrea Pfefferle<\/p><p>Mail: andrea.pfefferle@zsl-rsfr.de<\/p><p>Tel. 07631\/4177 (Name und Telefonnummer hinterlassen)<\/p>\t\t\t\t\t\t\t\t<\/div>\n\t\t\t\t<\/div>\n\t\t\t\t\t<\/div>\n\t\t<\/div>\n\t\t\t\t<div class=\"elementor-column elementor-col-50 elementor-top-column elementor-element elementor-element-9116136\" data-id=\"9116136\" data-element_type=\"column\">\n\t\t\t<div class=\"elementor-widget-wrap elementor-element-populated\">\n\t\t\t\t\t\t<div class=\"elementor-element elementor-element-bc74d74 elementor-widget elementor-widget-image\" data-id=\"bc74d74\" data-element_type=\"widget\" data-widget_type=\"image.default\">\n\t\t\t\t<div class=\"elementor-widget-container\">\n\t\t\t\t\t\t\t\t\t\t\t\t\t\t\t<img fetchpriority=\"high\" decoding=\"async\" width=\"768\" height=\"809\" src=\"https:\/\/gstunsel.de\/wp-content\/uploads\/2025\/02\/IMG_1176-768x809.jpeg\" class=\"attachment-medium_large size-medium_large wp-image-1164\" alt=\"\" srcset=\"https:\/\/gstunsel.de\/wp-content\/uploads\/2025\/02\/IMG_1176-768x809.jpeg 768w, https:\/\/gstunsel.de\/wp-content\/uploads\/2025\/02\/IMG_1176-285x300.jpeg 285w, https:\/\/gstunsel.de\/wp-content\/uploads\/2025\/02\/IMG_1176-972x1024.jpeg 972w, https:\/\/gstunsel.de\/wp-content\/uploads\/2025\/02\/IMG_1176.jpeg 1076w\" sizes=\"(max-width: 768px) 100vw, 768px\" \/>\t\t\t\t\t\t\t\t\t\t\t\t\t\t\t<\/div>\n\t\t\t\t<\/div>\n\t\t\t\t\t<\/div>\n\t\t<\/div>\n\t\t\t\t\t<\/div>\n\t\t<\/section>\n\t\t\t\t<section class=\"elementor-section elementor-top-section elementor-element elementor-element-efcf35c elementor-section-boxed elementor-section-height-default elementor-section-height-default\" data-id=\"efcf35c\" data-element_type=\"section\">\n\t\t\t\t\t\t<div class=\"elementor-container elementor-column-gap-default\">\n\t\t\t\t\t<div class=\"elementor-column elementor-col-100 elementor-top-column elementor-element elementor-element-60bfa75\" data-id=\"60bfa75\" data-element_type=\"column\">\n\t\t\t<div class=\"elementor-widget-wrap elementor-element-populated\">\n\t\t\t\t\t\t<div class=\"elementor-element elementor-element-27fff58 elementor-widget elementor-widget-image\" data-id=\"27fff58\" data-element_type=\"widget\" data-widget_type=\"image.default\">\n\t\t\t\t<div class=\"elementor-widget-container\">\n\t\t\t\t\t\t\t\t\t\t\t\t\t\t\t<img decoding=\"async\" width=\"1024\" height=\"722\" src=\"https:\/\/gstunsel.de\/wp-content\/uploads\/2025\/02\/IMG_1169-1024x722.jpeg\" class=\"attachment-large size-large wp-image-1123\" alt=\"\" srcset=\"https:\/\/gstunsel.de\/wp-content\/uploads\/2025\/02\/IMG_1169-1024x722.jpeg 1024w, https:\/\/gstunsel.de\/wp-content\/uploads\/2025\/02\/IMG_1169-300x212.jpeg 300w, https:\/\/gstunsel.de\/wp-content\/uploads\/2025\/02\/IMG_1169-768x542.jpeg 768w, https:\/\/gstunsel.de\/wp-content\/uploads\/2025\/02\/IMG_1169-1536x1083.jpeg 1536w, https:\/\/gstunsel.de\/wp-content\/uploads\/2025\/02\/IMG_1169.jpeg 1799w\" sizes=\"(max-width: 1024px) 100vw, 1024px\" \/>\t\t\t\t\t\t\t\t\t\t\t\t\t\t\t<\/div>\n\t\t\t\t<\/div>\n\t\t\t\t\t<\/div>\n\t\t<\/div>\n\t\t\t\t\t<\/div>\n\t\t<\/section>\n\t\t\t\t<section class=\"elementor-section elementor-top-section elementor-element elementor-element-3d16957 elementor-section-boxed elementor-section-height-default elementor-section-height-default\" data-id=\"3d16957\" data-element_type=\"section\">\n\t\t\t\t\t\t<div class=\"elementor-container elementor-column-gap-default\">\n\t\t\t\t\t<div class=\"elementor-column elementor-col-100 elementor-top-column elementor-element elementor-element-47e52a7\" data-id=\"47e52a7\" data-element_type=\"column\">\n\t\t\t<div class=\"elementor-widget-wrap elementor-element-populated\">\n\t\t\t\t\t\t<div class=\"elementor-element elementor-element-7003dfe elementor-widget elementor-widget-image\" data-id=\"7003dfe\" data-element_type=\"widget\" data-widget_type=\"image.default\">\n\t\t\t\t<div class=\"elementor-widget-container\">\n\t\t\t\t\t\t\t\t\t\t\t\t\t\t\t<img decoding=\"async\" width=\"768\" height=\"529\" src=\"https:\/\/gstunsel.de\/wp-content\/uploads\/2025\/02\/IMG_1170-768x529.jpeg\" class=\"attachment-medium_large size-medium_large wp-image-1122\" alt=\"\" srcset=\"https:\/\/gstunsel.de\/wp-content\/uploads\/2025\/02\/IMG_1170-768x529.jpeg 768w, https:\/\/gstunsel.de\/wp-content\/uploads\/2025\/02\/IMG_1170-300x207.jpeg 300w, https:\/\/gstunsel.de\/wp-content\/uploads\/2025\/02\/IMG_1170-1024x706.jpeg 1024w, https:\/\/gstunsel.de\/wp-content\/uploads\/2025\/02\/IMG_1170-1536x1059.jpeg 1536w, https:\/\/gstunsel.de\/wp-content\/uploads\/2025\/02\/IMG_1170.jpeg 1821w\" sizes=\"(max-width: 768px) 100vw, 768px\" \/>\t\t\t\t\t\t\t\t\t\t\t\t\t\t\t<\/div>\n\t\t\t\t<\/div>\n\t\t\t\t\t<\/div>\n\t\t<\/div>\n\t\t\t\t\t<\/div>\n\t\t<\/section>\n\t\t\t\t<\/div>\n\t\t","protected":false},"excerpt":{"rendered":"<p>\u00a0 Beratungslehrerin Wann kann man sich an die Beratungslehrerin wenden? Schulleistungsschwierigkeiten Schulangst Fragen zur Schullaufbahn (Einschulung, Wiederholung oder \u00dcberspringen einer Klasse) problematisches Sozialverhalten belastende famili\u00e4re Situation Unterst\u00fctzung bei der Suche [&hellip;]<\/p>\n","protected":false},"author":1,"featured_media":0,"parent":0,"menu_order":0,"comment_status":"closed","ping_status":"closed","template":"","meta":{"site-sidebar-layout":"no-sidebar","site-content-layout":"page-builder","ast-site-content-layout":"full-width-container","site-content-style":"unboxed","site-sidebar-style":"unboxed","ast-global-header-display":"","ast-banner-title-visibility":"","ast-main-header-display":"","ast-hfb-above-header-display":"","ast-hfb-below-header-display":"","ast-hfb-mobile-header-display":"","site-post-title":"disabled","ast-breadcrumbs-content":"","ast-featured-img":"disabled","footer-sml-layout":"","theme-transparent-header-meta":"","adv-header-id-meta":"","stick-header-meta":"","header-above-stick-meta":"","header-main-stick-meta":"","header-below-stick-meta":"","astra-migrate-meta-layouts":"set","ast-page-background-enabled":"default","ast-page-background-meta":{"desktop":{"background-color":"var(--ast-global-color-4)","background-image":"","background-repeat":"repeat","background-position":"center center","background-size":"auto","background-attachment":"scroll","background-type":"","background-media":"","overlay-type":"","overlay-color":"","overlay-opacity":"","overlay-gradient":""},"tablet":{"background-color":"","background-image":"","background-repeat":"repeat","background-position":"center center","background-size":"auto","background-attachment":"scroll","background-type":"","background-media":"","overlay-type":"","overlay-color":"","overlay-opacity":"","overlay-gradient":""},"mobile":{"background-color":"","background-image":"","background-repeat":"repeat","background-position":"center center","background-size":"auto","background-attachment":"scroll","background-type":"","background-media":"","overlay-type":"","overlay-color":"","overlay-opacity":"","overlay-gradient":""}},"ast-content-background-meta":{"desktop":{"background-color":"var(--ast-global-color-5)","background-image":"","background-repeat":"repeat","background-position":"center center","background-size":"auto","background-attachment":"scroll","background-type":"","background-media":"","overlay-type":"","overlay-color":"","overlay-opacity":"","overlay-gradient":""},"tablet":{"background-color":"var(--ast-global-color-5)","background-image":"","background-repeat":"repeat","background-position":"center center","background-size":"auto","background-attachment":"scroll","background-type":"","background-media":"","overlay-type":"","overlay-color":"","overlay-opacity":"","overlay-gradient":""},"mobile":{"background-color":"var(--ast-global-color-5)","background-image":"","background-repeat":"repeat","background-position":"center center","background-size":"auto","background-attachment":"scroll","background-type":"","background-media":"","overlay-type":"","overlay-color":"","overlay-opacity":"","overlay-gradient":""}},"footnotes":""},"class_list":["post-286","page","type-page","status-publish","hentry"],"_links":{"self":[{"href":"https:\/\/gstunsel.de\/index.php?rest_route=\/wp\/v2\/pages\/286","targetHints":{"allow":["GET"]}}],"collection":[{"href":"https:\/\/gstunsel.de\/index.php?rest_route=\/wp\/v2\/pages"}],"about":[{"href":"https:\/\/gstunsel.de\/index.php?rest_route=\/wp\/v2\/types\/page"}],"author":[{"embeddable":true,"href":"https:\/\/gstunsel.de\/index.php?rest_route=\/wp\/v2\/users\/1"}],"replies":[{"embeddable":true,"href":"https:\/\/gstunsel.de\/index.php?rest_route=%2Fwp%2Fv2%2Fcomments&post=286"}],"version-history":[{"count":38,"href":"https:\/\/gstunsel.de\/index.php?rest_route=\/wp\/v2\/pages\/286\/revisions"}],"predecessor-version":[{"id":1449,"href":"https:\/\/gstunsel.de\/index.php?rest_route=\/wp\/v2\/pages\/286\/revisions\/1449"}],"wp:attachment":[{"href":"https:\/\/gstunsel.de\/index.php?rest_route=%2Fwp%2Fv2%2Fmedia&parent=286"}],"curies":[{"name":"wp","href":"https:\/\/api.w.org\/{rel}","templated":true}]}}