{"id":223,"date":"2023-03-27T13:13:10","date_gmt":"2023-03-27T13:13:10","guid":{"rendered":"https:\/\/adoring-tesla.88-198-121-67.plesk.page\/?page_id=223"},"modified":"2025-06-24T20:25:07","modified_gmt":"2025-06-24T20:25:07","slug":"schulvereinbarung","status":"publish","type":"page","link":"https:\/\/gstunsel.de\/?page_id=223","title":{"rendered":"Hausmeister"},"content":{"rendered":"\t\t<div data-elementor-type=\"wp-page\" data-elementor-id=\"223\" class=\"elementor elementor-223\">\n\t\t\t\t\t\t<section class=\"elementor-section elementor-top-section elementor-element elementor-element-e38b67d elementor-section-boxed elementor-section-height-default elementor-section-height-default\" data-id=\"e38b67d\" data-element_type=\"section\">\n\t\t\t\t\t\t<div class=\"elementor-container elementor-column-gap-default\">\n\t\t\t\t\t<div class=\"elementor-column elementor-col-100 elementor-top-column elementor-element elementor-element-6973418\" data-id=\"6973418\" data-element_type=\"column\">\n\t\t\t<div class=\"elementor-widget-wrap\">\n\t\t\t\t\t\t\t<\/div>\n\t\t<\/div>\n\t\t\t\t\t<\/div>\n\t\t<\/section>\n\t\t\t\t<section class=\"elementor-section elementor-top-section elementor-element elementor-element-70a8f30 elementor-section-boxed elementor-section-height-default elementor-section-height-default\" data-id=\"70a8f30\" data-element_type=\"section\">\n\t\t\t\t\t\t<div class=\"elementor-container elementor-column-gap-default\">\n\t\t\t\t\t<div class=\"elementor-column elementor-col-50 elementor-top-column elementor-element elementor-element-fd997a0\" data-id=\"fd997a0\" data-element_type=\"column\">\n\t\t\t<div class=\"elementor-widget-wrap elementor-element-populated\">\n\t\t\t\t\t\t<div class=\"elementor-element elementor-element-79a330a elementor-widget elementor-widget-heading\" data-id=\"79a330a\" data-element_type=\"widget\" data-widget_type=\"heading.default\">\n\t\t\t\t<div class=\"elementor-widget-container\">\n\t\t\t\t\t<h2 class=\"elementor-heading-title elementor-size-default\">Hausmeister<\/h2>\t\t\t\t<\/div>\n\t\t\t\t<\/div>\n\t\t\t\t<div class=\"elementor-element elementor-element-2a87063 elementor-widget elementor-widget-text-editor\" data-id=\"2a87063\" data-element_type=\"widget\" data-widget_type=\"text-editor.default\">\n\t\t\t\t<div class=\"elementor-widget-container\">\n\t\t\t\t\t\t\t\t\t<p><span style=\"font-size: 14.591999px; font-style: inherit; font-family: var( --e-global-typography-text-font-family ), Sans-serif;\">Kontakt:\u00a0<\/span><span style=\"font-size: 14.591999px; font-style: inherit; font-family: var( --e-global-typography-text-font-family ), Sans-serif; -webkit-text-size-adjust: 100%;\">J\u00f6rg Grether<\/span><\/p><p>E-Mail:<a href=\"mailto:joerg.grether@gbm.bad-krozingen.de\">joerg.grether@gbm.bad-krozingen.de<\/a><\/p><p>Unser Hausmeister ist immer zur Stelle, wenn man ihn braucht. Er<span style=\"font-size: 14.591999px; font-style: inherit; font-family: var( --e-global-typography-text-font-family ), Sans-serif; -webkit-text-size-adjust: 100%;\"> ist ein wichtiger Helfer, der daf\u00fcr sorgt, dass an der Grundschule Tunsel alles reibungslos l\u00e4uft. <\/span><span style=\"font-size: 14.591999px; font-style: inherit; font-family: var( --e-global-typography-text-font-family ), Sans-serif; -webkit-text-size-adjust: 100%;\">Er k\u00fcmmert sich darum, dass M\u00e4ngel am Geb\u00e4ude schnell behoben werden, r\u00fcckt M\u00f6bel und sorgt daf\u00fcr, dass unsere Schule in einem guten Zustand bleibt. <\/span><span style=\"font-family: var( --e-global-typography-text-font-family ), Sans-serif; font-size: 14.591999px; font-style: inherit; -webkit-text-size-adjust: 100%;\">Und wenn ein Ball mal wieder auf dem Dach landet \u00a0&#8211; \u00a0kein Problem &#8211; mit Geduld und einem geschickten H\u00e4ndchen holt er ihn zur\u00fcck auf den Schulhof.<\/span><\/p><p>Sein Einsatz macht den Schulalltag f\u00fcr Kinder, Lehrkr\u00e4fte und Eltern einfacher und angenehmer. Ein gro\u00dfes Dankesch\u00f6n f\u00fcr diese wertvolle Arbeit!<\/p>\t\t\t\t\t\t\t\t<\/div>\n\t\t\t\t<\/div>\n\t\t\t\t\t<\/div>\n\t\t<\/div>\n\t\t\t\t<div class=\"elementor-column elementor-col-50 elementor-top-column elementor-element elementor-element-f98e482\" data-id=\"f98e482\" data-element_type=\"column\">\n\t\t\t<div class=\"elementor-widget-wrap elementor-element-populated\">\n\t\t\t\t\t\t<div class=\"elementor-element elementor-element-8347e77 elementor-widget elementor-widget-image\" data-id=\"8347e77\" data-element_type=\"widget\" data-widget_type=\"image.default\">\n\t\t\t\t<div class=\"elementor-widget-container\">\n\t\t\t\t\t\t\t\t\t\t\t\t\t\t\t<img fetchpriority=\"high\" decoding=\"async\" width=\"291\" height=\"300\" src=\"https:\/\/gstunsel.de\/wp-content\/uploads\/2025\/03\/IMG_1307-291x300.jpeg\" class=\"attachment-medium size-medium wp-image-1420\" alt=\"\" srcset=\"https:\/\/gstunsel.de\/wp-content\/uploads\/2025\/03\/IMG_1307-291x300.jpeg 291w, https:\/\/gstunsel.de\/wp-content\/uploads\/2025\/03\/IMG_1307-993x1024.jpeg 993w, https:\/\/gstunsel.de\/wp-content\/uploads\/2025\/03\/IMG_1307-768x792.jpeg 768w, https:\/\/gstunsel.de\/wp-content\/uploads\/2025\/03\/IMG_1307.jpeg 1138w\" sizes=\"(max-width: 291px) 100vw, 291px\" \/>\t\t\t\t\t\t\t\t\t\t\t\t\t\t\t<\/div>\n\t\t\t\t<\/div>\n\t\t\t\t\t<\/div>\n\t\t<\/div>\n\t\t\t\t\t<\/div>\n\t\t<\/section>\n\t\t\t\t<section class=\"elementor-section elementor-top-section elementor-element elementor-element-30af35a elementor-section-boxed elementor-section-height-default elementor-section-height-default\" data-id=\"30af35a\" data-element_type=\"section\">\n\t\t\t\t\t\t<div class=\"elementor-container elementor-column-gap-default\">\n\t\t\t\t\t<div class=\"elementor-column elementor-col-100 elementor-top-column elementor-element elementor-element-13e5291\" data-id=\"13e5291\" data-element_type=\"column\">\n\t\t\t<div class=\"elementor-widget-wrap elementor-element-populated\">\n\t\t\t\t\t\t\t<\/div>\n\t\t<\/div>\n\t\t\t\t\t<\/div>\n\t\t<\/section>\n\t\t\t\t<\/div>\n\t\t","protected":false},"excerpt":{"rendered":"<p>Hausmeister Kontakt:\u00a0J\u00f6rg Grether E-Mail:joerg.grether@gbm.bad-krozingen.de Unser Hausmeister ist immer zur Stelle, wenn man ihn braucht. Er ist ein wichtiger Helfer, der daf\u00fcr sorgt, dass an der Grundschule Tunsel alles reibungslos l\u00e4uft. [&hellip;]<\/p>\n","protected":false},"author":1,"featured_media":0,"parent":0,"menu_order":0,"comment_status":"closed","ping_status":"closed","template":"","meta":{"site-sidebar-layout":"no-sidebar","site-content-layout":"page-builder","ast-site-content-layout":"full-width-container","site-content-style":"unboxed","site-sidebar-style":"unboxed","ast-global-header-display":"","ast-banner-title-visibility":"","ast-main-header-display":"","ast-hfb-above-header-display":"","ast-hfb-below-header-display":"","ast-hfb-mobile-header-display":"","site-post-title":"disabled","ast-breadcrumbs-content":"","ast-featured-img":"disabled","footer-sml-layout":"","theme-transparent-header-meta":"","adv-header-id-meta":"","stick-header-meta":"","header-above-stick-meta":"","header-main-stick-meta":"","header-below-stick-meta":"","astra-migrate-meta-layouts":"set","ast-page-background-enabled":"default","ast-page-background-meta":{"desktop":{"background-color":"var(--ast-global-color-4)","background-image":"","background-repeat":"repeat","background-position":"center center","background-size":"auto","background-attachment":"scroll","background-type":"","background-media":"","overlay-type":"","overlay-color":"","overlay-opacity":"","overlay-gradient":""},"tablet":{"background-color":"","background-image":"","background-repeat":"repeat","background-position":"center center","background-size":"auto","background-attachment":"scroll","background-type":"","background-media":"","overlay-type":"","overlay-color":"","overlay-opacity":"","overlay-gradient":""},"mobile":{"background-color":"","background-image":"","background-repeat":"repeat","background-position":"center center","background-size":"auto","background-attachment":"scroll","background-type":"","background-media":"","overlay-type":"","overlay-color":"","overlay-opacity":"","overlay-gradient":""}},"ast-content-background-meta":{"desktop":{"background-color":"var(--ast-global-color-5)","background-image":"","background-repeat":"repeat","background-position":"center center","background-size":"auto","background-attachment":"scroll","background-type":"","background-media":"","overlay-type":"","overlay-color":"","overlay-opacity":"","overlay-gradient":""},"tablet":{"background-color":"var(--ast-global-color-5)","background-image":"","background-repeat":"repeat","background-position":"center center","background-size":"auto","background-attachment":"scroll","background-type":"","background-media":"","overlay-type":"","overlay-color":"","overlay-opacity":"","overlay-gradient":""},"mobile":{"background-color":"var(--ast-global-color-5)","background-image":"","background-repeat":"repeat","background-position":"center center","background-size":"auto","background-attachment":"scroll","background-type":"","background-media":"","overlay-type":"","overlay-color":"","overlay-opacity":"","overlay-gradient":""}},"footnotes":""},"class_list":["post-223","page","type-page","status-publish","hentry"],"_links":{"self":[{"href":"https:\/\/gstunsel.de\/index.php?rest_route=\/wp\/v2\/pages\/223","targetHints":{"allow":["GET"]}}],"collection":[{"href":"https:\/\/gstunsel.de\/index.php?rest_route=\/wp\/v2\/pages"}],"about":[{"href":"https:\/\/gstunsel.de\/index.php?rest_route=\/wp\/v2\/types\/page"}],"author":[{"embeddable":true,"href":"https:\/\/gstunsel.de\/index.php?rest_route=\/wp\/v2\/users\/1"}],"replies":[{"embeddable":true,"href":"https:\/\/gstunsel.de\/index.php?rest_route=%2Fwp%2Fv2%2Fcomments&post=223"}],"version-history":[{"count":29,"href":"https:\/\/gstunsel.de\/index.php?rest_route=\/wp\/v2\/pages\/223\/revisions"}],"predecessor-version":[{"id":1444,"href":"https:\/\/gstunsel.de\/index.php?rest_route=\/wp\/v2\/pages\/223\/revisions\/1444"}],"wp:attachment":[{"href":"https:\/\/gstunsel.de\/index.php?rest_route=%2Fwp%2Fv2%2Fmedia&parent=223"}],"curies":[{"name":"wp","href":"https:\/\/api.w.org\/{rel}","templated":true}]}}