{"id":1239,"date":"2025-02-24T21:39:33","date_gmt":"2025-02-24T21:39:33","guid":{"rendered":"https:\/\/tunsel.adoring-tesla.88-198-121-67.plesk.page\/?page_id=1239"},"modified":"2025-03-23T22:43:51","modified_gmt":"2025-03-23T22:43:51","slug":"praktikum","status":"publish","type":"page","link":"https:\/\/gstunsel.de\/?page_id=1239","title":{"rendered":"Praktikum"},"content":{"rendered":"\t\t<div data-elementor-type=\"wp-page\" data-elementor-id=\"1239\" class=\"elementor elementor-1239\">\n\t\t\t\t\t\t<section class=\"elementor-section elementor-top-section elementor-element elementor-element-5c6041a elementor-section-boxed elementor-section-height-default elementor-section-height-default\" data-id=\"5c6041a\" data-element_type=\"section\">\n\t\t\t\t\t\t<div class=\"elementor-container elementor-column-gap-default\">\n\t\t\t\t\t<div class=\"elementor-column elementor-col-100 elementor-top-column elementor-element elementor-element-67af2b4\" data-id=\"67af2b4\" data-element_type=\"column\">\n\t\t\t<div class=\"elementor-widget-wrap elementor-element-populated\">\n\t\t\t\t\t\t<div class=\"elementor-element elementor-element-d7ddcc1 elementor-widget elementor-widget-text-editor\" data-id=\"d7ddcc1\" data-element_type=\"widget\" data-widget_type=\"text-editor.default\">\n\t\t\t\t<div class=\"elementor-widget-container\">\n\t\t\t\t\t\t\t\t\t<h1>\u00a0<\/h1><h1><strong>Praktikum<\/strong><\/h1><p><strong>Informationen f\u00fcr Praktikantinnen und Praktikanten an unserer Grundschule<\/strong><\/p><p>Herzlich willkommen an unserer Grundschule! Wir freuen uns \u00fcber Ihr Interesse an einem Praktikum bei uns. Damit Ihr Praktikum erfolgreich verl\u00e4uft, haben wir hier einige wichtige Informationen f\u00fcr Sie zusammengestellt.<\/p><p><strong>1. Voraussetzungen f\u00fcr das Praktikum<\/strong><\/p><p>Bitte beachten Sie, dass Praktikantinnen und Praktikanten unsere Grundschule nicht selbst als Sch\u00fcler\/in besucht haben d\u00fcrfen. Diese Regelung dient dazu, eine professionelle Distanz zu wahren und Ihnen die M\u00f6glichkeit zu geben, neue Erfahrungen in einem unbekannten Umfeld zu sammeln.<span class=\"Apple-converted-space\">\u00a0<\/span><\/p><p>\u00a0<\/p><p><strong>2. Tagesablauf und Aufgaben<\/strong><\/p><p>Der Schultag beginnt in der Regel um 7:45 Uhr und endet je nach Klassenstufe um 12.15 Uhr bzw. um 13:00 Uhr. W\u00e4hrend Ihres Praktikums unterst\u00fctzen Sie die Lehrkr\u00e4fte sowie die Kernzeitmitarbeiter, sodass Ihr Arbeitstag teilweise gegen 16 Uhr enden wird. Folgende Aufgaben erwarten Sie:<span class=\"Apple-converted-space\">\u00a0<\/span><\/p><ul><li>Betreuung der Kinder vor\/nach sowie im Unterricht<\/li><li>Hilfestellung f\u00fcr einzelne Sch\u00fclerinnen und Sch\u00fcler<\/li><li>Begleitung w\u00e4hrend der Pausen oder auf Ausfl\u00fcgen<\/li><li>Durchf\u00fchrung kleiner eigener Projekte (z. B. Vorlesen, Basteln, Sport\u00fcbungen, Spiele auf dem Pausenhof)<\/li><\/ul><p>\u00a0<\/p><p><strong>3. Verhaltensregeln und Erwartungen<\/strong><\/p><p>Ein respektvoller und freundlicher Umgang miteinander ist uns besonders wichtig. Bitte halten Sie sich an folgende Regeln:<\/p><ul><li><span class=\"Apple-converted-space\">\u00a0<\/span>Erscheinen Sie p\u00fcnktlich und zuverl\u00e4ssig.<\/li><li>Gehen Sie geduldig und wertsch\u00e4tzend mit den Kindern um.<\/li><li>Seien Sie ein Vorbild (z. B. keine Handynutzung w\u00e4hrend der Arbeitszeit).<\/li><li>Vertrauliche Informationen \u00fcber Sch\u00fclerinnen und Sch\u00fcler d\u00fcrfen nicht weitergegeben werden.<\/li><\/ul><p>\u00a0<\/p><p><strong>4. Kleidung und Auftreten<\/strong><\/p><p>Bitte achten Sie auf eine angemessene und bequeme Kleidung. Da Sie sich viel bewegen werden, ist sportliche Kleidung von Vorteil. Zu auff\u00e4llige oder zu legere Kleidung (z. B. bauchfreie Oberteile) sollte vermieden werden.<\/p><p>\u00a0<\/p><p><strong>5. Ansprechpersonen<\/strong><\/p><p>Falls Sie Fragen haben, stehen Ihnen die Lehrkr\u00e4fte jederzeit gerne zur Verf\u00fcgung. Bei Problemen oder Unsicherheiten wenden Sie sich bitte an Ihre betreuende Lehrkraft.<\/p><p>\u00a0<\/p><p>Wir freuen uns auf Ihre Unterst\u00fctzung und w\u00fcnschen Ihnen ein spannendes und lehrreiches Praktikum an unserer Schule!<\/p>\t\t\t\t\t\t\t\t<\/div>\n\t\t\t\t<\/div>\n\t\t\t\t\t<\/div>\n\t\t<\/div>\n\t\t\t\t\t<\/div>\n\t\t<\/section>\n\t\t\t\t<\/div>\n\t\t","protected":false},"excerpt":{"rendered":"<p>\u00a0 Praktikum Informationen f\u00fcr Praktikantinnen und Praktikanten an unserer Grundschule Herzlich willkommen an unserer Grundschule! Wir freuen uns \u00fcber Ihr Interesse an einem Praktikum bei uns. Damit Ihr Praktikum erfolgreich [&hellip;]<\/p>\n","protected":false},"author":3,"featured_media":0,"parent":0,"menu_order":0,"comment_status":"closed","ping_status":"closed","template":"","meta":{"site-sidebar-layout":"no-sidebar","site-content-layout":"page-builder","ast-site-content-layout":"full-width-container","site-content-style":"default","site-sidebar-style":"default","ast-global-header-display":"","ast-banner-title-visibility":"","ast-main-header-display":"","ast-hfb-above-header-display":"","ast-hfb-below-header-display":"","ast-hfb-mobile-header-display":"","site-post-title":"disabled","ast-breadcrumbs-content":"","ast-featured-img":"disabled","footer-sml-layout":"","theme-transparent-header-meta":"","adv-header-id-meta":"","stick-header-meta":"","header-above-stick-meta":"","header-main-stick-meta":"","header-below-stick-meta":"","astra-migrate-meta-layouts":"set","ast-page-background-enabled":"default","ast-page-background-meta":{"desktop":{"background-color":"var(--ast-global-color-4)","background-image":"","background-repeat":"repeat","background-position":"center center","background-size":"auto","background-attachment":"scroll","background-type":"","background-media":"","overlay-type":"","overlay-color":"","overlay-opacity":"","overlay-gradient":""},"tablet":{"background-color":"","background-image":"","background-repeat":"repeat","background-position":"center center","background-size":"auto","background-attachment":"scroll","background-type":"","background-media":"","overlay-type":"","overlay-color":"","overlay-opacity":"","overlay-gradient":""},"mobile":{"background-color":"","background-image":"","background-repeat":"repeat","background-position":"center center","background-size":"auto","background-attachment":"scroll","background-type":"","background-media":"","overlay-type":"","overlay-color":"","overlay-opacity":"","overlay-gradient":""}},"ast-content-background-meta":{"desktop":{"background-color":"var(--ast-global-color-5)","background-image":"","background-repeat":"repeat","background-position":"center center","background-size":"auto","background-attachment":"scroll","background-type":"","background-media":"","overlay-type":"","overlay-color":"","overlay-opacity":"","overlay-gradient":""},"tablet":{"background-color":"var(--ast-global-color-5)","background-image":"","background-repeat":"repeat","background-position":"center center","background-size":"auto","background-attachment":"scroll","background-type":"","background-media":"","overlay-type":"","overlay-color":"","overlay-opacity":"","overlay-gradient":""},"mobile":{"background-color":"var(--ast-global-color-5)","background-image":"","background-repeat":"repeat","background-position":"center center","background-size":"auto","background-attachment":"scroll","background-type":"","background-media":"","overlay-type":"","overlay-color":"","overlay-opacity":"","overlay-gradient":""}},"footnotes":""},"class_list":["post-1239","page","type-page","status-publish","hentry"],"_links":{"self":[{"href":"https:\/\/gstunsel.de\/index.php?rest_route=\/wp\/v2\/pages\/1239","targetHints":{"allow":["GET"]}}],"collection":[{"href":"https:\/\/gstunsel.de\/index.php?rest_route=\/wp\/v2\/pages"}],"about":[{"href":"https:\/\/gstunsel.de\/index.php?rest_route=\/wp\/v2\/types\/page"}],"author":[{"embeddable":true,"href":"https:\/\/gstunsel.de\/index.php?rest_route=\/wp\/v2\/users\/3"}],"replies":[{"embeddable":true,"href":"https:\/\/gstunsel.de\/index.php?rest_route=%2Fwp%2Fv2%2Fcomments&post=1239"}],"version-history":[{"count":37,"href":"https:\/\/gstunsel.de\/index.php?rest_route=\/wp\/v2\/pages\/1239\/revisions"}],"predecessor-version":[{"id":1385,"href":"https:\/\/gstunsel.de\/index.php?rest_route=\/wp\/v2\/pages\/1239\/revisions\/1385"}],"wp:attachment":[{"href":"https:\/\/gstunsel.de\/index.php?rest_route=%2Fwp%2Fv2%2Fmedia&parent=1239"}],"curies":[{"name":"wp","href":"https:\/\/api.w.org\/{rel}","templated":true}]}}